 w(o) = -o**2 - o + 4. Give w(-3).
-2
Let n(k) = 3*k + 19. Determine n(-8).
-5
Let v(b) = 3*b**3 - 49*b**2 - 35*b + 14. Give v(17).
-3
Let a(f) = 7*f + 41. Calculate a(-8).
-15
Let p(i) = i**3 + 5*i**2 - 12*i + 13. Give p(-7).
-1
Let g(r) = -24*r - 1. Give g(1).
-25
Let r(g) = 2*g**2 - 9*g + 8. Give r(5).
13
Let j(a) = 7*a + 27. Calculate j(-12).
-57
Let p(t) = 2*t**3 - 44*t**2 - 44*t - 33. Calculate p(23).
13
Let i(q) = -q**2 - 8*q + 17. Calculate i(-8).
17
Let m(a) = -2*a + 1. What is m(1)?
-1
Let b(g) = -3*g - 10. What is b(-12)?
26
Let w(t) = t**2 + t + 7. What is w(6)?
49
Let q(z) = 5*z - 207. What is q(34)?
-37
Let h(q) = -q + 20. Give h(9).
11
Let c(i) = i**2 - i + 8. What is c(4)?
20
Let y(q) = -q**2 + 4*q + 4. What is y(4)?
4
Let s(x) = -5*x**3 - 2*x**2 + x - 2. Calculate s(3).
-152
Let q(g) = -2*g - 10. Give q(12).
-34
Let t(j) = j**3 - 8*j**2 + 16*j - 11. Give t(5).
-6
Let u(z) = z**3 - 9*z**2 + 15*z - 15. Determine u(8).
41
Let q(b) = 62*b - 1. Give q(-1).
-63
Let a(z) = z**3 - 11*z**2 + 5*z + 8. What is a(9)?
-109
Let y(n) = n**3 + 23*n**2 - 28*n - 41. Calculate y(-24).
55
Let a(z) = -z**3 - 8*z**2 + 7*z - 11. Calculate a(-9).
7
Let z(h) = h**2 - 4*h + 6. Calculate z(3).
3
Let z(d) = 5*d - 184. What is z(39)?
11
Let y(x) = -2*x**2 + 2*x + 25. Calculate y(10).
-155
Let r(j) = 4*j**3 - 11*j**2 - 2*j + 5. Calculate r(2).
-11
Let m(b) = -25*b**3 - b**2 + 2*b + 2. Determine m(-1).
24
Let q(o) = 9*o - 62. Determine q(6).
-8
Let n(q) = 18*q**3 + q**2 + 2*q - 2. Determine n(1).
19
Let h(m) = -m + 73. Give h(15).
58
Let v(z) = -5*z - 8. Calculate v(-8).
32
Let d(m) = -m**2 - 7*m - 4. Give d(-6).
2
Let i(g) = -3*g**2 + 21*g - 21. Determine i(1).
-3
Let t(g) = -g**3 + 5*g**2 + 7. Calculate t(5).
7
Let w(s) = 20*s + 4. What is w(-3)?
-56
Let g(l) = -2*l**3 - 11*l**2 + 4*l - 5. What is g(-6)?
7
Let q(z) = -z**3 - 6*z**2 - 3*z + 17. Determine q(-5).
7
Let j(l) = l - 25. Calculate j(21).
-4
Let m(j) = -j - 6. Give m(6).
-12
Let s(b) = -15*b - 26. What is s(-10)?
124
Let s(j) = -j**3 - 3*j**2 - j. What is s(-2)?
-2
Let w(z) = 4*z**2 - z + 4. What is w(3)?
37
Let r(y) = -2*y**2 - y + 7. Calculate r(0).
7
Let w(m) = -m**2 - 4*m + 17. What is w(-6)?
5
Let s(f) = 11*f. What is s(2)?
22
Let q(i) = 4*i**2 - 3*i - 2. Calculate q(-2).
20
Let c(u) = -u**3 - 10*u**2 + 2. Determine c(-10).
2
Let z(s) = -s**3 - 14*s**2 - 9*s - 9. What is z(-13)?
-61
Let p(b) = b**3 - 3*b**2 - b + 1. Determine p(3).
-2
Let x(z) = 3*z - 16. Calculate x(13).
23
Let u(y) = y**3 + 5*y**2 - 6*y - 3. Calculate u(-6).
-3
Let k(i) = i**2 - 12*i + 11. Give k(7).
-24
Let w(i) = i**3 + 4*i**2 + 5*i + 2. What is w(-3)?
-4
Let j(t) = 9*t - 110. What is j(11)?
-11
Let r(b) = b**2 + 6*b - 36. Give r(4).
4
Let f(j) = -j**2 - 5*j - 1. Determine f(-3).
5
Let c(z) = z**3 + 6*z**2 + 3*z + 2. Determine c(-5).
12
Let f(k) = -4*k + 20. What is f(5)?
0
Let k(i) = -2*i**2 + 2*i - 4. Give k(2).
-8
Let h(a) = 14*a - 2. Give h(3).
40
Let s(p) = p**2 + 2*p. What is s(0)?
0
Let k(y) = y**2 + 5*y + 11. Calculate k(-6).
17
Let z(u) = -u**2 - 9*u + 5. Calculate z(-9).
5
Let s(v) = -2*v**2 - 4*v + 10. Determine s(-5).
-20
Let g(x) = -x**3 + 12*x**2 + 10*x + 45. Determine g(13).
6
Let i(f) = f**3 - 20*f**2 + 5*f - 83. What is i(20)?
17
Let n(r) = -r**3 - r**2 - 2*r + 3. Give n(-3).
27
Let w(f) = 5*f + 12. Calculate w(-4).
-8
Let w(g) = g**3 - 9*g**2 + 8*g + 9. Calculate w(8).
9
Let z(f) = f - 1. What is z(4)?
3
Let i(z) = -3*z**2 - 4*z + 28. Give i(-6).
-56
Let b(i) = i**2 - 50*i + 85. What is b(48)?
-11
Let x(h) = h**3 + 5*h**2 + 2*h - 10. What is x(-4)?
-2
Let t(o) = o**2 - 15*o + 13. Determine t(7).
-43
Let q(i) = -10*i + 9. Give q(-7).
79
Let p(s) = s - 8. Calculate p(-7).
-15
Let w(a) = 14*a + 148. Calculate w(-11).
-6
Let t(m) = -m**3 + 11*m**2 + 10*m + 15. Calculate t(12).
-9
Let s(b) = 3*b - 26. What is s(3)?
-17
Let f(c) = -42*c**3 - c**2 + c. Give f(1).
-42
Let q(s) = 55*s + 13. What is q(-1)?
-42
Let k(z) = z**2 - 6*z + 4. What is k(4)?
-4
Let d(j) = 13*j + 180. Calculate d(-14).
-2
Let s(h) = h**2 + h - 13. Give s(-6).
17
Let v(q) = -2*q**3 + 19*q**2 - 8*q - 4. Calculate v(9).
5
Let i(s) = -s**3 - 17*s**2 + 18*s + 6. Determine i(-18).
6
Let u(z) = -3*z**2 - 3*z - 2. Give u(-2).
-8
Let b(n) = 2*n**2 + 40*n - 2. Give b(-20).
-2
Let r(v) = 74*v - 1331. Give r(18).
1
Let w(i) = i**3 + 13*i**2 + 21*i + 110. Calculate w(-12).
2
Let o(u) = -u**3 + 2*u**2 - 2*u + 3. Calculate o(2).
-1
Let d(v) = -2*v**2 + 35*v + 379. Calculate d(25).
4
Let i(d) = 55*d + 111. Determine i(-2).
1
Let u(f) = -f**2 + 3*f - 3. What is u(2)?
-1
Let f(u) = u**2 - 15*u + 40. Determine f(10).
-10
Let i(f) = f**3 + 7*f**2 + 9*f + 14. Give i(-6).
-4
Let x(k) = k**3 - 4*k + 1. What is x(-3)?
-14
Let o(v) = -4*v + 69. Calculate o(26).
-35
Let y(p) = p**3 - 21*p**2 + 8. Calculate y(21).
8
Let f(q) = -q + 24. What is f(18)?
6
Let p(x) = -x**2 + x + 1. Determine p(2).
-1
Let q(d) = d**3 + 16*d**2 + 16*d + 28. Determine q(-15).
13
Let s(m) = m**3 + m**2 - 2*m + 2. Determine s(3).
32
Let f(v) = 6*v**3 + 2*v**2 - 5*v - 6. Give f(-2).
-36
Let n(h) = -h + 4. Determine n(-9).
13
Let r(g) = -g**2 + 3*g - 3. Give r(4).
-7
Let i(m) = m**2 - 11*m - 25. What is i(13)?
1
Let u(t) = t**3 + 3*t**2 - 2*t - 2. Calculate u(-4).
-10
Let r(i) = -i**2 + 15*i - 15. Calculate r(13).
11
Let y(p) = p**2 + 7*p + 2. Determine y(-5).
-8
Let o(f) = 2*f**2 - 21*f - 9. What is o(11)?
2
Let o(j) = 2*j**2 - 7*j + 3. Determine o(9).
102
Let b(m) = m**3 - 3*m**2 + 4*m - 5. Give b(4).
27
Let u(m) = -m**2 + 21*m - 10. What is u(17)?
58
Let d(h) = -h**3 + h**2 + 5. What is d(0)?
5
Let j(w) = -w**2 + 25*w - 4. Determine j(25).
-4
Let m(i) = i**2 + 3*i + 1. Determine m(3).
19
Let i(k) = -21*k + 44. Determine i(2).
2
Let p(g) = g. Determine p(0).
0
Let q(k) = k**3 + 6*k**2 - 21*k - 86. What is q(-7)?
12
Let n(u) = 14*u**2. Determine n(-1).
14
Let n(w) = -w**3 + 8*w**2 - 2*w + 5. Determine n(8).
-11
Let q(s) = -2*s**3 + 3*s - 1. Give q(2).
-11
Let w(c) = c**3 + 6*c**2 + 10*c + 6. What is w(-4)?
-2
Let j(c) = -c - 16. What is j(14)?
-30
Let t(q) = q**2 + 9*q. Determine t(-10).
10
Let p(n) = -8*n + 129. What is p(20)?
-31
Let z(d) = d**2 + 7*d + 7. What is z(-6)?
1
Let o(f) = -f**3 + 10*f**2 - 15*f + 5. Give o(8).
13
Let x(q) = 64*q + 385. Give x(-6).
1
Let d(f) = f**3 - 9*f**2 + 13*f + 14. What is d(7)?
7
Let f(s) = s**2 + 12*s + 4. Determine f(-10).
-16
Let w(k) = 3*k**3 + 4*k**2 + 3*k + 2. Give w(-2).
-12
Let j(w) = 3*w**2 + 27*w + 3. Calculate j(-9).
3
Let n(t) = -t**3 - t**2 + 4*t + 3. Calculate n(-3).
9
Let u(b) = -41*b + 28. What is u(1)?
-13
Let n(o) = -o**3 + o**2 - o + 1. Determine n(0).
1
Let d(r) = 68*r + 269. Determine d(-4).
-3
Let f(w) = w**2 - 8*w - 8. Give f(-1).
1
Let y(r) = r**3 + 3*r**2 - 10*r - 7. What is y(-5)?
-7
Let j(n) = -n**3 + 5*n**2 - 3. What is j(5)?
-3
Let l(o) = 2*o**2 - 75*o - 74. Determine l(-1).
3
Let l(a) = -44*a**2 + a. Calculate l(1).
-43
Let b(k) = k**2 - 2*k - 5. What is b(3)?
-2
Let v(h) = -h**2 - 3*h + 30. Determine v(-7).
2
Let q(y) = 4*y**2 + y - 3. Give q(0).
-3
Let j(t) = -7*t - 13. Calculate j(-11).
64
Let h(g) = -2*g**2 - 20*g - 17. What is h(-8)?
15
Let r(f) = f**2 + 25*f + 106. What is r(-5)?
6
Let r(j) = -j**2 + 10*j - 9. Give r(7).
12
Let a(v) = -6*v**2 - 3*v - 5. Give a(-1).
-8
Let a(i) = -3*i**3 + 3*i**2 + 4*i + 3. Determine a(4).
-125
Let s(z) = 10*z - 13. Give s(2).
7
Let c(o) = -9*o - 9. What is c(-6)?
45
Let s(z) = z**2 + 7*z + 3. Give s(-7).
3
Let d(f) = f**3 + 3*f**2 - 20*f - 5. Give d(-6).
7
Let r(t) = t**2 + 3*t - 4. Calculate r(4).
24
Let t(m) = -7*m + 52. Give t(7).
3
Let w(i) = -5*i - 53. What is w(-10)?
-3
Let p(u) = u**3 + 17*u**2 + 37*u + 21. What is p(-15)?
-84
Let o(l) = -l**2 + 4. Give o(3).
-5
Let h(b) = -b + 31. What is h(12)?
19
Let u(f) = -3*f**3 - 5*f**2 - 2*f + 3. Give u(-3).
45
Let v(y) = y + 10. Calculate v(-4).
6
Let x(m) = 2*m**2 - 7*m - 1. Determine x(-2).
21
Let u(o) = 2*o**3 + 3*o**2 - 3*o + 3. Determine u(-3).
-15
Let c(h) = h**2 + h + 16. Give c(0).
16
Let a(g) = -6*g + 226. Determine a(39).
-8
Let f(z) = -z**3 - 5*z**2 - z - 5. Determine f(-5).
0
Let d(v) = v**3 + 7*v**2 - 9*v - 10. Determine d(-8).
-2
Let v(u) = -35*u + 24. Give v(2).
-46
Let t(a) = a + 3. Determine t(-8).
-5
Let t(x) = 9*x